{"id":857,"date":"2024-01-02T14:18:26","date_gmt":"2024-01-02T12:18:26","guid":{"rendered":"https:\/\/www.stadtflitzerbude.de\/cms\/?page_id=857"},"modified":"2025-01-03T10:15:14","modified_gmt":"2025-01-03T08:15:14","slug":"robur-blau","status":"publish","type":"page","link":"https:\/\/www.stadtflitzerbude.de\/cms\/wohnungen\/robur-blau\/","title":{"rendered":"DDR Autobus Robur blau"},"content":{"rendered":"<div id=\"pl-857\"  class=\"panel-layout\" ><div id=\"pg-857-0\"  class=\"panel-grid panel-no-style\" ><div id=\"pgc-857-0-0\"  class=\"panel-grid-cell\" ><div id=\"panel-857-0-0-0\" class=\"so-panel widget widget_sow-editor panel-first-child panel-last-child\" data-index=\"0\" ><div\n\t\t\t\n\t\t\tclass=\"so-widget-sow-editor so-widget-sow-editor-base\"\n\t\t\t\n\t\t>\n<div class=\"siteorigin-widget-tinymce textwidget\">\n\t<div class=\"art-content-layout\">\n<div class=\"art-content-layout-row\">\n<div class=\"art-layout-cell\">\n<p>Wohnen im DDR Oldtimer Robur aus Zittau \u2013 das ist Campingfeeling pur!<\/p>\n<\/div>\n<\/div>\n<\/div>\n<p>Das Neurerkollektiv der Stadtflitzerbude hat wieder zugeschlagen. Jetzt k\u00f6nnt Ihr in unserer fetzigen Unterkunft, dem blauen Autoreisbus aus Zittau wohnen . In dem feststehenden Bus k\u00f6nnen bis 4 Personen \u00fcbernachten. Das Bett im Heckbereich ist 1,60 x 2 m und das Bett \u00fcber dem Lenkrad ist 1,45 x 1,90 m. Der Bus ist komplett mit K\u00fcche und Bad mit Dusche\/WC ausgestattet. Weiter gibt es Heizung, SAT-TV, WLAN. Ab und zu gibt es den Geruch des wilden Ostens, wenn unsere Oldtimer vom Hof rollen.<\/p>\n<div class=\"art-content-layout\">\n<div class=\"art-content-layout-row\">\n<div class=\"art-layout-cell\">\n<p>Zum Bus k\u00f6nnen Sie einen kleinen Vorgarten nutzen, wo Sie gem\u00fctlich sitzen und nach einem anstrengenden Stadtbummel die F\u00fc\u00dfe hochlegen k\u00f6nnen.<br \/>\nIm Kofferradio gibt es dazu die passende DDR-Musik.<\/p>\n<p>Wir haben f\u00fcr unsere G\u00e4ste ein W\u00e4schepaket vorbereitet: 2 Handt\u00fccher, Bettw\u00e4sche, Geschirrtuch.<br \/>\nBitte die Betten selbst beziehen und wieder abziehen.<\/p>\n<p>Stehh\u00f6he im Bus 1,85 m<\/p>\n<\/div>\n<\/div>\n<\/div>\n<p>Bei Abreise den Bus besenrein verlassen.<\/p>\n<\/div>\n<\/div><\/div><\/div><\/div><div id=\"pg-857-1\"  class=\"panel-grid panel-no-style\" ><div id=\"pgc-857-1-0\"  class=\"panel-grid-cell panel-grid-cell-empty\" ><\/div><div id=\"pgc-857-1-1\"  class=\"panel-grid-cell panel-grid-cell-mobile-last\" ><div id=\"panel-857-1-1-0\" class=\"so-panel widget widget_sow-editor panel-first-child panel-last-child\" data-index=\"1\" ><div\n\t\t\t\n\t\t\tclass=\"so-widget-sow-editor so-widget-sow-editor-base\"\n\t\t\t\n\t\t>\n<div class=\"siteorigin-widget-tinymce textwidget\">\n\t<div class=\"rl-gallery-container splide rl-loading\" id=\"rl-gallery-container-1\" data-gallery_id=\"860\"> <div class=\"rl-gallery rl-basicslider-gallery splide__track rl-hover-effect-1 rl-hover-icon-2\" id=\"rl-gallery-1\" data-gallery_no=\"1\"> <ul class=\"splide__list\"> <li class=\"rl-gallery-item splide__slide\" data-thumb=\"https:\/\/www.stadtflitzerbude.de\/cms\/wp-content\/uploads\/2023\/11\/IMG-20231113-WA0013.jpg\"> <a href=\"https:\/\/www.stadtflitzerbude.de\/cms\/wp-content\/uploads\/2023\/11\/IMG-20231113-WA0013.jpg\" title=\"\" data-rl_title=\"\" class=\"rl-gallery-link\" data-rl_caption=\"\" data-rel=\"lightbox-gallery-1\"><img loading=\"lazy\" decoding=\"async\" src=\"https:\/\/www.stadtflitzerbude.de\/cms\/wp-content\/uploads\/2023\/11\/IMG-20231113-WA0013.jpg\" width=\"378\" height=\"504\" alt=\"\" \/><\/a> <\/li> <li class=\"rl-gallery-item splide__slide\" data-thumb=\"https:\/\/www.stadtflitzerbude.de\/cms\/wp-content\/uploads\/2023\/11\/IMG-20231113-WA0014.jpg\"> <a href=\"https:\/\/www.stadtflitzerbude.de\/cms\/wp-content\/uploads\/2023\/11\/IMG-20231113-WA0014.jpg\" title=\"\" data-rl_title=\"\" class=\"rl-gallery-link\" data-rl_caption=\"\" data-rel=\"lightbox-gallery-1\"><img loading=\"lazy\" decoding=\"async\" src=\"https:\/\/www.stadtflitzerbude.de\/cms\/wp-content\/uploads\/2023\/11\/IMG-20231113-WA0014.jpg\" width=\"378\" height=\"504\" alt=\"\" \/><\/a> <\/li> <li class=\"rl-gallery-item splide__slide\" data-thumb=\"https:\/\/www.stadtflitzerbude.de\/cms\/wp-content\/uploads\/2023\/11\/IMG-20231113-WA0007.jpg\"> <a href=\"https:\/\/www.stadtflitzerbude.de\/cms\/wp-content\/uploads\/2023\/11\/IMG-20231113-WA0007.jpg\" title=\"\" data-rl_title=\"\" class=\"rl-gallery-link\" data-rl_caption=\"\" data-rel=\"lightbox-gallery-1\"><img loading=\"lazy\" decoding=\"async\" src=\"https:\/\/www.stadtflitzerbude.de\/cms\/wp-content\/uploads\/2023\/11\/IMG-20231113-WA0007.jpg\" width=\"378\" height=\"504\" alt=\"\" \/><\/a> <\/li> <li class=\"rl-gallery-item splide__slide\" data-thumb=\"https:\/\/www.stadtflitzerbude.de\/cms\/wp-content\/uploads\/2023\/11\/IMG-20231113-WA0004.jpg\"> <a href=\"https:\/\/www.stadtflitzerbude.de\/cms\/wp-content\/uploads\/2023\/11\/IMG-20231113-WA0004.jpg\" title=\"\" data-rl_title=\"\" class=\"rl-gallery-link\" data-rl_caption=\"\" data-rel=\"lightbox-gallery-1\"><img loading=\"lazy\" decoding=\"async\" src=\"https:\/\/www.stadtflitzerbude.de\/cms\/wp-content\/uploads\/2023\/11\/IMG-20231113-WA0004.jpg\" width=\"378\" height=\"504\" alt=\"\" \/><\/a> <\/li> <li class=\"rl-gallery-item splide__slide\" data-thumb=\"https:\/\/www.stadtflitzerbude.de\/cms\/wp-content\/uploads\/2023\/11\/IMG-20231113-WA0003.jpg\"> <a href=\"https:\/\/www.stadtflitzerbude.de\/cms\/wp-content\/uploads\/2023\/11\/IMG-20231113-WA0003.jpg\" title=\"\" data-rl_title=\"\" class=\"rl-gallery-link\" data-rl_caption=\"\" data-rel=\"lightbox-gallery-1\"><img loading=\"lazy\" decoding=\"async\" src=\"https:\/\/www.stadtflitzerbude.de\/cms\/wp-content\/uploads\/2023\/11\/IMG-20231113-WA0003.jpg\" width=\"378\" height=\"504\" alt=\"\" \/><\/a> <\/li> <li class=\"rl-gallery-item splide__slide\" data-thumb=\"https:\/\/www.stadtflitzerbude.de\/cms\/wp-content\/uploads\/2023\/11\/IMG-20231113-WA0012.jpg\"> <a href=\"https:\/\/www.stadtflitzerbude.de\/cms\/wp-content\/uploads\/2023\/11\/IMG-20231113-WA0012.jpg\" title=\"\" data-rl_title=\"\" class=\"rl-gallery-link\" data-rl_caption=\"\" data-rel=\"lightbox-gallery-1\"><img loading=\"lazy\" decoding=\"async\" src=\"https:\/\/www.stadtflitzerbude.de\/cms\/wp-content\/uploads\/2023\/11\/IMG-20231113-WA0012.jpg\" width=\"378\" height=\"504\" alt=\"\" \/><\/a> <\/li> <li class=\"rl-gallery-item splide__slide\" data-thumb=\"https:\/\/www.stadtflitzerbude.de\/cms\/wp-content\/uploads\/2023\/11\/IMG-20231113-WA0006.jpg\"> <a href=\"https:\/\/www.stadtflitzerbude.de\/cms\/wp-content\/uploads\/2023\/11\/IMG-20231113-WA0006.jpg\" title=\"\" data-rl_title=\"\" class=\"rl-gallery-link\" data-rl_caption=\"\" data-rel=\"lightbox-gallery-1\"><img loading=\"lazy\" decoding=\"async\" src=\"https:\/\/www.stadtflitzerbude.de\/cms\/wp-content\/uploads\/2023\/11\/IMG-20231113-WA0006.jpg\" width=\"378\" height=\"504\" alt=\"\" \/><\/a> <\/li> <\/ul> <\/div> <\/div>\n<\/div>\n<\/div><\/div><\/div><div id=\"pgc-857-1-2\"  class=\"panel-grid-cell panel-grid-cell-empty\" ><\/div><\/div><div id=\"pg-857-2\"  class=\"panel-grid panel-no-style\" ><div id=\"pgc-857-2-0\"  class=\"panel-grid-cell\" ><div id=\"panel-857-2-0-0\" class=\"so-panel widget widget_sow-editor panel-first-child panel-last-child\" data-index=\"2\" ><div\n\t\t\t\n\t\t\tclass=\"so-widget-sow-editor so-widget-sow-editor-base\"\n\t\t\t\n\t\t>\n<div class=\"siteorigin-widget-tinymce textwidget\">\n\t<\/div>\n<\/div><\/div><\/div><\/div><\/div>","protected":false},"excerpt":{"rendered":"<p>Wohnen im DDR Oldtimer Robur aus Zittau \u2013 das ist Campingfeeling pur! Das Neurerkollektiv der Stadtflitzerbude hat wieder zugeschlagen. Jetzt k\u00f6nnt Ihr in unserer fetzigen Unterkunft, dem blauen Autoreisbus aus Zittau wohnen . In dem feststehenden Bus k\u00f6nnen bis 4 Personen \u00fcbernachten. Das Bett im Heckbereich ist 1,60 x 2 m und das Bett \u00fcber dem Lenkrad ist 1,45 x 1,90 m. Der Bus ist komplett mit K\u00fcche und Bad mit Dusche\/WC ausgestattet. Weiter gibt es Heizung, SAT-TV, WLAN. Ab und zu gibt es den Geruch des wilden Ostens, wenn unsere Oldtimer vom Hof rollen. Zum Bus k\u00f6nnen Sie einen kleinen Vorgarten nutzen, wo Sie gem\u00fctlich sitzen und nach einem anstrengenden Stadtbummel die F\u00fc\u00dfe hochlegen k\u00f6nnen. Im Kofferradio gibt es dazu die passende DDR-Musik. Wir haben f\u00fcr unsere G\u00e4ste ein W\u00e4schepaket vorbereitet: 2 Handt\u00fccher, Bettw\u00e4sche, Geschirrtuch. Bitte die Betten selbst beziehen und wieder abziehen. Stehh\u00f6he im Bus 1,85 m Bei Abreise den Bus besenrein verlassen.<\/p>\n","protected":false},"author":1,"featured_media":0,"parent":101,"menu_order":9,"comment_status":"closed","ping_status":"closed","template":"","meta":{"footnotes":""},"class_list":["post-857","page","type-page","status-publish","hentry"],"yoast_head":"<!-- This site is optimized with the Yoast SEO plugin v27.3 - https:\/\/yoast.com\/product\/yoast-seo-wordpress\/ -->\n<title>DDR Autobus Robur blau - Stadtflitzerbude<\/title>\n<meta name=\"robots\" content=\"index, follow, max-snippet:-1, max-image-preview:large, max-video-preview:-1\" \/>\n<link rel=\"canonical\" href=\"https:\/\/www.stadtflitzerbude.de\/cms\/wohnungen\/robur-blau\/\" \/>\n<meta property=\"og:locale\" content=\"de_DE\" \/>\n<meta property=\"og:type\" content=\"article\" \/>\n<meta property=\"og:title\" content=\"DDR Autobus Robur blau - Stadtflitzerbude\" \/>\n<meta property=\"og:description\" content=\"Wohnen im DDR Oldtimer Robur aus Zittau \u2013 das ist Campingfeeling pur! Das Neurerkollektiv der Stadtflitzerbude hat wieder zugeschlagen. Jetzt k\u00f6nnt Ihr in unserer fetzigen Unterkunft, dem blauen Autoreisbus aus Zittau wohnen . In dem feststehenden Bus k\u00f6nnen bis 4 Personen \u00fcbernachten. Das Bett im Heckbereich ist 1,60 x 2 m und das Bett \u00fcber dem Lenkrad ist 1,45 x 1,90 m. Der Bus ist komplett mit K\u00fcche und Bad mit Dusche\/WC ausgestattet. Weiter gibt es Heizung, SAT-TV, WLAN. Ab und zu gibt es den Geruch des wilden Ostens, wenn unsere Oldtimer vom Hof rollen. Zum Bus k\u00f6nnen Sie einen kleinen Vorgarten nutzen, wo Sie gem\u00fctlich sitzen und nach einem anstrengenden Stadtbummel die F\u00fc\u00dfe hochlegen k\u00f6nnen. Im Kofferradio gibt es dazu die passende DDR-Musik. Wir haben f\u00fcr unsere G\u00e4ste ein W\u00e4schepaket vorbereitet: 2 Handt\u00fccher, Bettw\u00e4sche, Geschirrtuch. Bitte die Betten selbst beziehen und wieder abziehen. Stehh\u00f6he im Bus 1,85 m Bei Abreise den Bus besenrein verlassen.\" \/>\n<meta property=\"og:url\" content=\"https:\/\/www.stadtflitzerbude.de\/cms\/wohnungen\/robur-blau\/\" \/>\n<meta property=\"og:site_name\" content=\"Stadtflitzerbude\" \/>\n<meta property=\"article:modified_time\" content=\"2025-01-03T08:15:14+00:00\" \/>\n<meta property=\"og:image\" content=\"https:\/\/www.stadtflitzerbude.de\/cms\/wp-content\/uploads\/2023\/11\/IMG-20231113-WA0013.jpg\" \/>\n<meta name=\"twitter:label1\" content=\"Gesch\u00e4tzte Lesezeit\" \/>\n\t<meta name=\"twitter:data1\" content=\"3\u00a0Minuten\" \/>\n<script type=\"application\/ld+json\" class=\"yoast-schema-graph\">{\"@context\":\"https:\\\/\\\/schema.org\",\"@graph\":[{\"@type\":\"WebPage\",\"@id\":\"https:\\\/\\\/www.stadtflitzerbude.de\\\/cms\\\/wohnungen\\\/robur-blau\\\/\",\"url\":\"https:\\\/\\\/www.stadtflitzerbude.de\\\/cms\\\/wohnungen\\\/robur-blau\\\/\",\"name\":\"DDR Autobus Robur blau - Stadtflitzerbude\",\"isPartOf\":{\"@id\":\"https:\\\/\\\/www.stadtflitzerbude.de\\\/cms\\\/#website\"},\"primaryImageOfPage\":{\"@id\":\"https:\\\/\\\/www.stadtflitzerbude.de\\\/cms\\\/wohnungen\\\/robur-blau\\\/#primaryimage\"},\"image\":{\"@id\":\"https:\\\/\\\/www.stadtflitzerbude.de\\\/cms\\\/wohnungen\\\/robur-blau\\\/#primaryimage\"},\"thumbnailUrl\":\"https:\\\/\\\/www.stadtflitzerbude.de\\\/cms\\\/wp-content\\\/uploads\\\/2023\\\/11\\\/IMG-20231113-WA0013.jpg\",\"datePublished\":\"2024-01-02T12:18:26+00:00\",\"dateModified\":\"2025-01-03T08:15:14+00:00\",\"breadcrumb\":{\"@id\":\"https:\\\/\\\/www.stadtflitzerbude.de\\\/cms\\\/wohnungen\\\/robur-blau\\\/#breadcrumb\"},\"inLanguage\":\"de\",\"potentialAction\":[{\"@type\":\"ReadAction\",\"target\":[\"https:\\\/\\\/www.stadtflitzerbude.de\\\/cms\\\/wohnungen\\\/robur-blau\\\/\"]}]},{\"@type\":\"ImageObject\",\"inLanguage\":\"de\",\"@id\":\"https:\\\/\\\/www.stadtflitzerbude.de\\\/cms\\\/wohnungen\\\/robur-blau\\\/#primaryimage\",\"url\":\"https:\\\/\\\/www.stadtflitzerbude.de\\\/cms\\\/wp-content\\\/uploads\\\/2023\\\/11\\\/IMG-20231113-WA0013.jpg\",\"contentUrl\":\"https:\\\/\\\/www.stadtflitzerbude.de\\\/cms\\\/wp-content\\\/uploads\\\/2023\\\/11\\\/IMG-20231113-WA0013.jpg\",\"width\":378,\"height\":504},{\"@type\":\"BreadcrumbList\",\"@id\":\"https:\\\/\\\/www.stadtflitzerbude.de\\\/cms\\\/wohnungen\\\/robur-blau\\\/#breadcrumb\",\"itemListElement\":[{\"@type\":\"ListItem\",\"position\":1,\"name\":\"Home\",\"item\":\"https:\\\/\\\/www.stadtflitzerbude.de\\\/cms\\\/\"},{\"@type\":\"ListItem\",\"position\":2,\"name\":\"Die Wohnungen\",\"item\":\"https:\\\/\\\/www.stadtflitzerbude.de\\\/cms\\\/wohnungen\\\/\"},{\"@type\":\"ListItem\",\"position\":3,\"name\":\"DDR Autobus Robur blau\"}]},{\"@type\":\"WebSite\",\"@id\":\"https:\\\/\\\/www.stadtflitzerbude.de\\\/cms\\\/#website\",\"url\":\"https:\\\/\\\/www.stadtflitzerbude.de\\\/cms\\\/\",\"name\":\"Stadtflitzerbude\",\"description\":\"Ferienwohnungen in Dresden\",\"potentialAction\":[{\"@type\":\"SearchAction\",\"target\":{\"@type\":\"EntryPoint\",\"urlTemplate\":\"https:\\\/\\\/www.stadtflitzerbude.de\\\/cms\\\/?s={search_term_string}\"},\"query-input\":{\"@type\":\"PropertyValueSpecification\",\"valueRequired\":true,\"valueName\":\"search_term_string\"}}],\"inLanguage\":\"de\"}]}<\/script>\n<!-- \/ Yoast SEO plugin. -->","yoast_head_json":{"title":"DDR Autobus Robur blau - Stadtflitzerbude","robots":{"index":"index","follow":"follow","max-snippet":"max-snippet:-1","max-image-preview":"max-image-preview:large","max-video-preview":"max-video-preview:-1"},"canonical":"https:\/\/www.stadtflitzerbude.de\/cms\/wohnungen\/robur-blau\/","og_locale":"de_DE","og_type":"article","og_title":"DDR Autobus Robur blau - Stadtflitzerbude","og_description":"Wohnen im DDR Oldtimer Robur aus Zittau \u2013 das ist Campingfeeling pur! Das Neurerkollektiv der Stadtflitzerbude hat wieder zugeschlagen. Jetzt k\u00f6nnt Ihr in unserer fetzigen Unterkunft, dem blauen Autoreisbus aus Zittau wohnen . In dem feststehenden Bus k\u00f6nnen bis 4 Personen \u00fcbernachten. Das Bett im Heckbereich ist 1,60 x 2 m und das Bett \u00fcber dem Lenkrad ist 1,45 x 1,90 m. Der Bus ist komplett mit K\u00fcche und Bad mit Dusche\/WC ausgestattet. Weiter gibt es Heizung, SAT-TV, WLAN. Ab und zu gibt es den Geruch des wilden Ostens, wenn unsere Oldtimer vom Hof rollen. Zum Bus k\u00f6nnen Sie einen kleinen Vorgarten nutzen, wo Sie gem\u00fctlich sitzen und nach einem anstrengenden Stadtbummel die F\u00fc\u00dfe hochlegen k\u00f6nnen. Im Kofferradio gibt es dazu die passende DDR-Musik. Wir haben f\u00fcr unsere G\u00e4ste ein W\u00e4schepaket vorbereitet: 2 Handt\u00fccher, Bettw\u00e4sche, Geschirrtuch. Bitte die Betten selbst beziehen und wieder abziehen. Stehh\u00f6he im Bus 1,85 m Bei Abreise den Bus besenrein verlassen.","og_url":"https:\/\/www.stadtflitzerbude.de\/cms\/wohnungen\/robur-blau\/","og_site_name":"Stadtflitzerbude","article_modified_time":"2025-01-03T08:15:14+00:00","og_image":[{"url":"https:\/\/www.stadtflitzerbude.de\/cms\/wp-content\/uploads\/2023\/11\/IMG-20231113-WA0013.jpg","type":"","width":"","height":""}],"twitter_misc":{"Gesch\u00e4tzte Lesezeit":"3\u00a0Minuten"},"schema":{"@context":"https:\/\/schema.org","@graph":[{"@type":"WebPage","@id":"https:\/\/www.stadtflitzerbude.de\/cms\/wohnungen\/robur-blau\/","url":"https:\/\/www.stadtflitzerbude.de\/cms\/wohnungen\/robur-blau\/","name":"DDR Autobus Robur blau - Stadtflitzerbude","isPartOf":{"@id":"https:\/\/www.stadtflitzerbude.de\/cms\/#website"},"primaryImageOfPage":{"@id":"https:\/\/www.stadtflitzerbude.de\/cms\/wohnungen\/robur-blau\/#primaryimage"},"image":{"@id":"https:\/\/www.stadtflitzerbude.de\/cms\/wohnungen\/robur-blau\/#primaryimage"},"thumbnailUrl":"https:\/\/www.stadtflitzerbude.de\/cms\/wp-content\/uploads\/2023\/11\/IMG-20231113-WA0013.jpg","datePublished":"2024-01-02T12:18:26+00:00","dateModified":"2025-01-03T08:15:14+00:00","breadcrumb":{"@id":"https:\/\/www.stadtflitzerbude.de\/cms\/wohnungen\/robur-blau\/#breadcrumb"},"inLanguage":"de","potentialAction":[{"@type":"ReadAction","target":["https:\/\/www.stadtflitzerbude.de\/cms\/wohnungen\/robur-blau\/"]}]},{"@type":"ImageObject","inLanguage":"de","@id":"https:\/\/www.stadtflitzerbude.de\/cms\/wohnungen\/robur-blau\/#primaryimage","url":"https:\/\/www.stadtflitzerbude.de\/cms\/wp-content\/uploads\/2023\/11\/IMG-20231113-WA0013.jpg","contentUrl":"https:\/\/www.stadtflitzerbude.de\/cms\/wp-content\/uploads\/2023\/11\/IMG-20231113-WA0013.jpg","width":378,"height":504},{"@type":"BreadcrumbList","@id":"https:\/\/www.stadtflitzerbude.de\/cms\/wohnungen\/robur-blau\/#breadcrumb","itemListElement":[{"@type":"ListItem","position":1,"name":"Home","item":"https:\/\/www.stadtflitzerbude.de\/cms\/"},{"@type":"ListItem","position":2,"name":"Die Wohnungen","item":"https:\/\/www.stadtflitzerbude.de\/cms\/wohnungen\/"},{"@type":"ListItem","position":3,"name":"DDR Autobus Robur blau"}]},{"@type":"WebSite","@id":"https:\/\/www.stadtflitzerbude.de\/cms\/#website","url":"https:\/\/www.stadtflitzerbude.de\/cms\/","name":"Stadtflitzerbude","description":"Ferienwohnungen in Dresden","potentialAction":[{"@type":"SearchAction","target":{"@type":"EntryPoint","urlTemplate":"https:\/\/www.stadtflitzerbude.de\/cms\/?s={search_term_string}"},"query-input":{"@type":"PropertyValueSpecification","valueRequired":true,"valueName":"search_term_string"}}],"inLanguage":"de"}]}},"_links":{"self":[{"href":"https:\/\/www.stadtflitzerbude.de\/cms\/wp-json\/wp\/v2\/pages\/857","targetHints":{"allow":["GET"]}}],"collection":[{"href":"https:\/\/www.stadtflitzerbude.de\/cms\/wp-json\/wp\/v2\/pages"}],"about":[{"href":"https:\/\/www.stadtflitzerbude.de\/cms\/wp-json\/wp\/v2\/types\/page"}],"author":[{"embeddable":true,"href":"https:\/\/www.stadtflitzerbude.de\/cms\/wp-json\/wp\/v2\/users\/1"}],"replies":[{"embeddable":true,"href":"https:\/\/www.stadtflitzerbude.de\/cms\/wp-json\/wp\/v2\/comments?post=857"}],"version-history":[{"count":10,"href":"https:\/\/www.stadtflitzerbude.de\/cms\/wp-json\/wp\/v2\/pages\/857\/revisions"}],"predecessor-version":[{"id":937,"href":"https:\/\/www.stadtflitzerbude.de\/cms\/wp-json\/wp\/v2\/pages\/857\/revisions\/937"}],"up":[{"embeddable":true,"href":"https:\/\/www.stadtflitzerbude.de\/cms\/wp-json\/wp\/v2\/pages\/101"}],"wp:attachment":[{"href":"https:\/\/www.stadtflitzerbude.de\/cms\/wp-json\/wp\/v2\/media?parent=857"}],"curies":[{"name":"wp","href":"https:\/\/api.w.org\/{rel}","templated":true}]}}